+ 40 + -13))?
68
Evaluate -6 - (-2 + -1 + (-27 - (-55 + 44))).
13
Evaluate (-10 - -15) + 40 + -5 + 1 + -13.
28
Calculate 48 + -28 + -28 - (-12 + (-8 - -5)) - -10.
17
Calculate 2 + 13 + 4 + -8 + (36 - (-8 + 46)).
9
Calculate -125 + -4 - (302 + -330) - (-2 - -2).
-101
0 + 0 - (-2 + -50 + -185 + 156)
81
What is -8 + 8 - -15 - (80 - (11 + -2))?
-56
What is -7 + 1 - (-38 + (31 + -19 - -25)) - -95?
90
Calculate (78 - 86) + (2 - 1) - 39.
-46
Evaluate (-6 - (27 + -51)) + -45 - -112.
85
What is the value of (-14 - -33) + -22 + 15 + -8 - -95?
99
Calculate -47 - (-3 + (-3 - 0 - (22 - 22))).
-41
Calculate (20 - (60 - 30) - -17) + -25 + 2 + -1.
-17
What is -92 + (83 - 72) + (14 - (-1 - 4))?
-62
Calculate 99 + 60 + -19 + -95.
45
Calculate ((-7 - 3) + -7 - (-12 - -24)) + 14.
-15
What is -60 - -21 - -39 - 9?
-9
What is the value of 867 + -782 + -156 + -1?
-72
What is the value of 37 - (29 + -6 + -20)?
34
10 - (54 - (-20 + 33 + 5))
-26
What is the value of (7 - (-2 - -69)) + 20 - -19 - -124?
103
What is the value of -2 - 40 - (0 - -11 - -10)?
-63
What is the value of (2839 - 2787) + -1 + (-1 - -2) + 2 + 9?
63
What is (9 - 5 - -22) + -9 - -4?
21
Calculate 11 + (576 + -675 - (21 - 2)).
-107
Evaluate -259 + (308 - 60) + (1 - 2 - (-1 - -45)).
-56
(-37 - -4 - -9 - -9) + (144 + -5 - 24)
100
Evaluate -3 + 10 + 6 - (2 - -30) - 10.
-29
Calculate 5 - (-5 - (5 - 7 - -7 - (5 - 5))).
15
What is 13 - (-44 - -40) - (6 + -2) - 6?
7
Calculate 41 + -4 + 7 + -11 + 7 + -4 + 0.
36
What is -250 - -144 - (-4 + -54)?
-48
What is 0 + -8 + 16 + 3 + 0?
11
What is the value of 205 + -1 - (13076 - 12960)?
88
(39 - (73 - -49)) + 102
19
What is the value of 10 + -3 + -5 + (10 - (-10 + 7))?
15
(13 + -1 - (-638 + 642)) + (-1 - -6) - -79
92
What is (22 - -29) + -28 - (-3 + -3 - -19)?
10
Evaluate 30 + -3 + -11 + 7 + -11.
12
What is the value of 0 - -71 - ((36 + 33 - 24) + -38)?
64
Evaluate -15 + 21 - ((1 - (-5 + 0)) + (-113 - -177)).
-64
What is the value of -30 - (-1 + (105 - 105) + -1 + 13)?
-41
Evaluate -1 + 0 - ((-1838 - -1880) + 1 + -16).
-28
3 + 10 + 1 + -5 + -7 + 0 - -90
92
What is the value of 45 - ((60 - (-15 - -5)) + 18)?
-43
Evaluate (32 + -9 - (38 + -18) - -13) + -123.
-107
Calculate (-35 - -128) + -141 + -32.
-80
-24 + (21 - 65) - (1 + 8)
-77
What is (-9 - 31) + 9 + -20 + 2 + 1 + 7?
-41
Calculate 86 - (-19 - -104) - (-1 + 46).
-44
What is the value of (2 - 3) + 0 + 3 + 8 - (2330 - 2341)?
21
19 - -22 - (-1 + 88)
-46
Calculate (-32 - 17 - -113) + -62.
2
Evaluate 646 - 778 - (-98 + 8).
-42
What is the value of -4 + 6 - ((17 - -34) + -19 + 7)?
-37
What is -140 + (46 - 57) - (-70 + 32)?
-113
Evaluate (11 - 5) + -11 + -1 + (-202 - -210).
2
What is the value of -64 - -44 - -74 - 10?
44
What is the value of -10 - (23 + (24 - 23))?
-34
What is the value of (-1 + 13 - ((18 - -4) + -12)) + -41?
-39
-6 - (105 + -105) - (-17 - -2 - 0)
9
-42 - (-3 - (1 - (-8 + 1 + -9 + 14)))
-36
32 + (-18 - 42) + 69
41
What is -26 - (23 + -20) - (-53 + 64)?
-40
Calculate (-13 - -1) + (-2 - (1 + -9)) + -123 + 68.
-61
36 - -48 - (25 - (14 - 10))
63
-48 + (41 - 19) + 36
10
Calculate 52 + (-5 - (-20 - -16) - 14 - -25) - -4.
66
(-50 - (62 - 43)) + 32
-37
What is -59 + 103 + -96 + 4 + -2?
-50
Evaluate -3 + (-12 - 22) + 10 + (-5 - (8 - 9)).
-31
2 + 21 - (144 + (63 - 221))
37
What is the value of 29 + -33 + 17 + -12 + -7 + 1 + -21?
-26
Calculate (-106 + 306 - 114) + -153.
-67
Calculate 26 + -5 + 3 - (-257 - -239).
42
-11 - ((15 + 4 - 16) + (2 - 1) - -26)
-41
32 - (116 - (122 + -6))
32
What is 0 + 3 - (60 - 2) - (88 + (-87 - 1))?
-55
Evaluate -1 + 3 - (66 + -47).
-17
Calculate 16 + -15 - (8 + -2 - (43 + -98)).
-60
What is (-44 - (3 - -8)) + (27 - 6) + -10?
-44
Evaluate (22 - (-100 + 164)) + 128.
86
Calculate -247 + (389 - 29) + -1 + -37.
75
Evaluate -7 + 7 + -9 - (0 + 2) - -10 - 71.
-72
What is the value of (2 + 8 + -10 - -7) + -18 + 16 - -71?
76
What is 3 + (0 - 0) + (-8 - (45 + -46))?
-4
73 + (-76 - 18) - (-6 - (-96 - -3))
-108
(14 - (-1 - 0)) + -7 + (40 - 21)
27
What is the value of 2 + 1 - (18 + -2) - (146 + -128)?
-31
What is -39 - (-59 - (-42 + 1 + 81))?
60
Evaluate -68 + (-3 + 32 - -75).
36
Calculate -54 - (-68 + 16) - 58.
-60
Evaluate (-67 - -98 - 17) + 2 + -3 + -16.
-3
What is the value of -9 + -2 + 7 - -3 - ((29 - 7) + -1)?
-22
What is (-12 + 3 - -25 - 12 - (-45 - 3)) + 4?
56
Evaluate 0 + ((200 - 210) + (6 - (-2 - -2)) - 124).
-128
Evaluate 21 - 2 - (159 + (-294 - -71)).
83
What is -9 + -2 + -12 + -4 + -26?
-53
Evaluate -17 + (-54 - (4 + -73)).
-2
Evaluate 7 + (-7 - -16) + -9 - (8 + 5).
-6
What is -104 + (9 + (-11 + -3 - -6) - -12)?
-91
8 + (-56 - -73 - (-2 - (-8 - 28)))
-9
What is the value of (9333 - 9240) + -166 + 0?
-73
What is 1514 + -1663 - (-135 - -9)?
-23
What is (50 - (24 + -1) - 0) + -7?
20
Calculate -7 + (0 + 7 - (-10 + 0)).
10
What is the value of 121 - (114 + 162 + -67)?
-88
40 + -245 + 187 + (0 - (-122 + -1))
105
-7 + 138 + -2 + -101 + 66
94
(2 - (-26 - -57)) + -4 + -30
-63
-1 + 87 + 43 + -188
-59
132 - (189 + -52 - -7)
-12
(-17 - ((17 - -1) + 2)) + (-4 - -7)
-34
What is the value of 2 - ((0 - -14) + (13 - (67 - 38) - 139))?
143
What is the value of -8 + -10 + 7 + 54 + -42?
1
Calculate -30 + -18 - -23 - (-2 + -5).
-18
Evaluate -18 - (0 + 4 + 3 + -13) - -107.
95
(-45 - -47 - (4 + -12)) + (-3 - -2) + -13
-4
Evaluate (228 - (250 - 10)) + (-33 - (-1 - -1)).
-45
What is the value of (-145 + 209 - 68) + ((-4 - -2) + 2 - 11)?
-15
-407 - -495 - (-5 + -2) - (-19 - -2)
112
What is 30 + -77 + (21 - -4)?
-22
What is 272 + -242 + (0 - 5) + -16 + -52?
-43
120 + (163 - 67 - 74)
142
What is (7 - 1 - (-9 + -3 - -10)) + (-9 - 5)?
-6
Calculate (-23 - -12 - -2 - 24) + -6 + (4 - -11).
-24
Calculate (655 - 682) + (4 - -26).
3
-20 + 21 - -71 - (-2 - (-10 + 2))
66
Calculate -50 + -98 + 54 - (4 + 2 - -3).
-103
What is the value of 51 + -2 + (-248 - -219) - (-13 - 1)?
34
(0 - 8) + 15 + -13 + 24 + 28
46
Calculate (0 - 61) + (-11 - 1) + (-81 - -111).
-43
-2 + (8 - (-3 - -11 - -3 - 4 - -61))
-62
What is the value of (-40 - -2) + 152 + -113?
1
-79 + 70 + (-2 - 17) + -1 + (2 - 9)
-36
-102 + (7 - -247 - 50)
102
Evaluate (-344 - -354) + (-1 - 3) + (-11 - -2).
-3
Calculate -1 + -139 - (7 + 353 + -365).
-135
-45 + 16 + 10 - (-98 - (3 + -7))
75
Evaluate 31 + -8 + -21 + -30 - 28.
-56
Evaluate (-5 - -2) + 3 + (7 - (-31 + 62)).
-24
Evaluate -24 - (-6 + (2 - 24) - 30).
34
-50 - (-90 - 31) - (-2 - (-3 + -7 - -3))
66
Calculate -66 + -30 + 17 - 47.
-126
Calculate (-14 - (-78 - -90 - (0 + 13)) - -6) + 14.
7
What is -14 - -27 - 4 - (-1 - -13)?
-3
What is 89 + (-58 - 32) - -147?
146
Calculate 7 + ((-3 - -10) + -1 - 2) - (-182 + 125).
68
What is (2 - 39) + 79 + 1 + 20?
63
Calculate (-1 + 2 - (-27 + 37)) + 8 - 20.
-21
Evaluate -4 + 64 + 0 - -4 - (5 + 7 + -13).
65
Evaluate -26 + 89 - (18 - (9 + -14)).
40
Calculate -15 + 36 + (-31 - 33) + 29.
-14
Evaluate -3 + -13 + (24 + -29 - -70) - (1 + -7).
55
What is -11 + (-2 + 13 + 1 + 1 - -23)?
25
Calculate (-17 + 31 - -78) + -10 - (3 - -9).
70
What is the value of 6 + -137 - (-582 - -473)?
-22
Calculate 12 + -9 + 25 - (-14 - -3) - (-1 - 0).
40
What is the value of (9 + 2 - -33 - (16 - 2)) + 10?
40
Evaluate -374 + 385 + (-66 + 3 - 4) + 1.
-55
What is -15 + 2 - -9 - (0 - (-6 + 9 + -75))?
-76
(16 - (-40 + 38) - 33) + 12 + -1
-4
(44 - (-102 + 66)) + (-16 - (0 - 6))
70
What is the value of 1 + 39 - (1 - 4) - (-31 - -47 - 3)?
30
What is 8 + 1 - 67 - (-115 + 102 - (-7 + 0))?
-52
(-18 + -17 - 31) + 21
-45
What is 10 + 0 + 5 + -1310 + 1274?
-21
What is the value of -77 - ((-18 - -19) + -4) - -11?
-63
5 - ((-3 + 6 - 10) + -102 + 120)
-6
What is -15 - ((-41 - -40) + (-1 - 1) + -34)?
22
What is the value of -26 - (11 - 107) - 51?
19
What is the value of -60 - (8 + -24 + -35)?
-9
Evaluate 0 - 4 - (-51 - -1 - -58) - 7.
-19
Calculate (-16 + -33 - -30) + -92 + 30.
-81
What is 0 + -74 - (37 + (-2 - 20)) - -18?
-71
Evaluate -65 + -42 + 98 + (108 - 16).
83
Evaluate -2 + 48 - (-13480 + 13613).
-87
What is the value of -31 + 39 + 88 + (-4 - -14 - 3)?
103
Calculate 9 + 47 + (106 - 62).
100
What is (-71 - -10) + (-32 - -82) + -82?
-93
What is the value of (-3 - -11 - -4) + (-255 - -195)?
-48
Evaluate -2 - ((15 - 43) + 23 + (-1 - -30 - -4)).
-30
96 - 102 - (-12 - (-4 - (-10 + 5 + 3)))
4
11 - ((-12 + 15 - -7) + 9 + -9)
1
Wh